test common factor of l and 11?
11
Let u(z) = 5*z - 2. Suppose 1 + 23 = 6*j. Let a be u(j). What is the highest common divisor of 6 and a?
6
Let o be ((-804)/16 - -3)/(3/(-8)). Calculate the greatest common divisor of 56 and o.
14
Suppose 7 = 5*v + 3*h - 24, -2*v = -2*h - 6. Suppose -4*x - 7 = v. Let z be (-62)/x - 2/3. What is the highest common divisor of z and 180?
20
Let b(k) = 0 - 4*k - 3*k + 1 + k**2 + 2*k. Let p be b(7). Calculate the greatest common factor of p and 15.
15
Suppose 0*q + q = 3. Suppose -q*u = 4*h - 31, -3*h = -5*u + 3*u - 2. Let d(a) = -9*a - 268. Let b be d(-32). What is the highest common factor of h and b?
4
Let w(x) = -x**3 - 9*x**2 - 7*x + 10. Let z be w(-8). Let f = 45 - z. What is the highest common factor of f and 387?
43
Let f = -54 - -52. Let h be f/(-6) + 1/(-3)*-170. Calculate the greatest common factor of h and 19.
19
Let y(w) = 54*w**3 + 1. Suppose -3*s = 3, -2*p + 2*s + 3 = -p. Let j be y(p). Calculate the greatest common divisor of 22 and j.
11
Suppose 2*n + 2*n + h = 52, 4*h - 39 = -3*n. Suppose -1362 = 3*d + 7071. Let p be 1/(-9) - d/27. What is the highest common divisor of p and n?
13
Let l be (-4 + 1)/(-1) + 3 + 454. Calculate the highest common factor of 60 and l.
20
Let g(f) = 2*f + 7. Let t be g(9). Suppose -3*z - u + 8 = -2, 25 = -5*u. What is the greatest common factor of t and z?
5
Let l(r) = 26*r**2 + 9*r - 20. Let x be l(-5). Calculate the highest common divisor of 15 and x.
15
Let c(g) = g + 13. Let i be c(-13). Suppose 9*x + 0 - 99 = i. Calculate the greatest common factor of 88 and x.
11
Suppose 0 = 5*z - 52 + 22. Suppose h + 220 = z*h. Suppose -18 = -2*l - 5*t, 0 = 5*l - 4*t + 2*t - 16. What is the highest common factor of l and h?
4
Suppose -7 = -s - 5*c, -c = -0*c - 1. Suppose -4*o - s*o = -30. Calculate the highest common factor of o and 25.
5
Suppose -18*k + 3500 - 1394 = 0. Calculate the greatest common factor of k and 9.
9
Let f(y) = -14*y + 45. Let a be f(3). What is the greatest common factor of 12 and a?
3
Let u be (10/6 - 1) + (-268772)/(-609). What is the highest common divisor of 65 and u?
13
Let f(b) = b**2 + 15*b - 6. Let d be f(-6). Let g(w) = w**2 + 100. Let x be g(0). Let u = d + x. Calculate the greatest common divisor of 16 and u.
8
Let o be 21/21*1*-31. Let q be (-1 + o)/((-22)/4 - -5). Calculate the highest common divisor of 48 and q.
16
Let o = -18 + 20. Suppose -3*q - o*q + 70 = 0. Let j = 19 - q. What is the greatest common factor of j and 20?
5
Suppose 970 = 3*w + 2*w + 5*i, 2*i + 977 = 5*w. What is the highest common divisor of w and 26?
13
Let j(f) = -f**2 + 3*f**2 + 14*f - 7*f - 5 - f**2. Let p be j(-7). Let b = 1 - p. What is the highest common factor of 15 and b?
3
Let j(l) = -7*l**2 - 8*l - 15. Let x(n) = -22*n**2 - 24*n - 46. Let g(v) = -16*j(v) + 5*x(v). Let s be g(-4). Calculate the greatest common divisor of 90 and s.
10
Let o(y) = -11*y**3. Let b be o(-3). Let z(g) = -g**2 + 12*g. Let t be z(9). What is the highest common divisor of b and t?
27
Let d be ((6 - 0) + -7)*-56. Calculate the greatest common divisor of 7 and d.
7
Let g be (7/(140/(-16)))/(2/(-5)). Suppose 5*j - 2*m - 50 = 0, 0 = 2*j + g*m - m - 20. What is the highest common divisor of j and 100?
10
Let s(n) = -n**3 - 3*n**2 - 6*n - 6. Let q be s(-2). Let r(x) = -x**3 - 6*x**2 - x - 1. Let l be r(-6). What is the highest common factor of q and l?
1
Let c be 5*1/4*(-160)/(-20). Let o be (-5)/(c/(-96)) + -3 - 0. Suppose -y + 9 = 2*v, -3*y + 3*v + 19 = 2*y. What is the highest common factor of o and y?
5
Let k be 18/(33/6 - (6 + -2)). Suppose 11*z + 2*d = k*z - 9, -4*z + 50 = -d. What is the greatest common factor of 13 and z?
13
Let d be (-2)/(-3)*-3 + -8. Let h be 16/24 + d/(-3). Let l be (-11 - -9)*(-110)/h. Calculate the greatest common divisor of 5 and l.
5
Let d be 2/(-12) - 55/(-6). Calculate the highest common factor of 1 and d.
1
Let d be -6 + 4 + 85 + -3. Calculate the greatest common factor of d and 5.
5
Let b = 4 - -1. Suppose -4*h = d - 15 - 3, h = 4*d - 4. What is the highest common factor of b and d?
1
Suppose -2*b + 15 = 3*b. Suppose -2*f + 45 = -b*l, l + 9 - 58 = -2*f. Let d be (5 + (-136)/32)/(2/16). Calculate the highest common factor of d and f.
6
Suppose s - w + 11 = 0, -5*s + 51 = -8*s - 3*w. Let p be 4/s - (-612)/84. What is the highest common divisor of 7 and p?
7
Let m = -8 - -30. Let d be -33 + (-2)/(-1 + 3). Let t be 11/m*(0 - d). Calculate the highest common factor of t and 153.
17
Let m = 167 + -119. Calculate the greatest common divisor of 120 and m.
24
Suppose -215*b + 225*b - 100 = 0. Calculate the highest common divisor of b and 235.
5
Let u be 6*(2/(-2))/(-1). Let h = -1233 - -1281. What is the greatest common divisor of u and h?
6
Suppose 260 = -9*k + 4*k. Suppose -59*g = -54*g - 535. Let w = k + g. Calculate the greatest common divisor of 11 and w.
11
Let z be ((-8)/(-3))/((-1)/(-3)). Suppose -1 = 2*q - l, 0 = -q + 2*l - 0*l - 8. Suppose 0 = -q*h + 5*h - 72. Calculate the greatest common divisor of z and h.
8
Suppose -24*m + 30*m = 186. Let w = -315 + 470. Calculate the highest common divisor of w and m.
31
Suppose -129 = -5*n + 6. Let o = -224 + 242. What is the highest common divisor of n and o?
9
Let u = 566 + -546. What is the highest common divisor of u and 190?
10
Let l(i) = 10*i - 67. Let z be l(7). Suppose -g + 2 = -0. Suppose g*f - 220 = -z*f. Calculate the greatest common divisor of f and 110.
22
Let r = 10 - -44. Suppose 25*l = 27*l - r. Let i(c) = -c**3 - c**2 - 2*c + 9. Let j be i(0). What is the highest common divisor of j and l?
9
Let v(y) = 6*y**2 - 11*y - 34. Let m be v(4). What is the highest common divisor of 774 and m?
18
Let y(o) = -59*o + 51. Let j be y(-3). Calculate the highest common divisor of j and 60.
12
Suppose -7*f + 20 = -4*f + 2*m, -2*m = 5*f - 40. Let z(t) = t - 1. Let b be z(6). What is the greatest common factor of f and b?
5
Suppose 4*k + k = -5*b + 5, 3*k - 7 = -5*b. Suppose a = 2*y - 67, 2*y - b*a - 10 = 56. What is the greatest common factor of 170 and y?
34
Suppose 4*s + 3*u - 19 = 4*u, -4*u + 14 = 2*s. Let o be (-4 + 33)/((-1)/s). Let c = o - -230. Calculate the greatest common factor of c and 17.
17
Let t be -17*(-2)/(-2)*-7. Let k(p) = -11 - 16*p + 7*p + 13*p. Let i be k(7). Calculate the greatest common divisor of i and t.
17
Suppose -9*u + 19 = 181. Suppose -8*f + 155 = -3*m - 3*f, 0 = -3*m - f - 149. Let p = u - m. Calculate the greatest common factor of 224 and p.
32
Let c(a) = 14*a + 26. Let d be c(4). Calculate the highest common factor of d and 205.
41
Suppose -u = 3*y - 109, -3*y - 25 - 366 = -4*u. Calculate the highest common divisor of u and 175.
25
Let n = 181 + -178. What is the greatest common factor of n and 15?
3
Let b(i) = 2*i**3 + 12*i**2 + 7. Let h be b(-6). Let k(u) = -u**3 - 3*u**2 + 5*u - 1. Let d be k(-6). What is the greatest common divisor of h and d?
7
Suppose 2*n - 704 = -2*n. Let i(m) = -2*m**2 - m**3 + m**2 - 7*m**2 + 7 + 8*m + 0*m**2. Let s be i(-9). Calculate the highest common factor of n and s.
16
Suppose 0 = 2*z - 8, -5*r + 3*z = 7*z - 31. Let i be 17/(15/r + -4). Let f(k) = 2*k**3 - k. Let g be f(3). Calculate the greatest common factor of i and g.
17
Let n = -36 + 61. Let k = -5 + n. What is the greatest common factor of k and 8?
4
Let v be 24/2 + 2/((-6)/9). What is the greatest common factor of v and 21?
3
Let d(q) be the first derivative of -q**2 + 3*q + 8. Let z be d(-5). What is the highest common divisor of z and 65?
13
Let c(i) = -12*i - 12. Let a be c(-2). Suppose -a - 30 = -3*k + 5*f, -f = 4*k - 33. Calculate the greatest common divisor of k and 99.
9
Let h = -174 - -299. Let a(l) = l**2 + 4*l + 4. Let c be a(-7). Calculate the greatest common factor of c and h.
25
Let f(o) = -5*o**2 + 3*o - 2. Let g be f(3). Suppose 0 = -5*b + 3*b + 156. Let z = g + b. What is the highest common divisor of z and 10?
10
Let v(c) = -c. Let i be v(-3). Suppose 6 = -i*y + 213. Calculate the greatest common factor of 23 and y.
23
Let w(g) = 6*g + g + 173 + 3*g**2 - 176. Let f be w(-6). What is the greatest common factor of 21 and f?
21
Suppose 0*q + 823 = 2*w - 5*q, 0 = -q + 1. Suppose -13*b = -11*b - w. Calculate the greatest common factor of b and 23.
23
Suppose -3*x = -4*o + 111, -x = -2